x. What is the greatest common factor of x and 14?
14
Let v = -278 + 464. Let k be 1 + -1 - 22/(-55) - 618/(-5). What is the highest common factor of v and k?
62
Suppose -3*i + 5*q = -1681, -5*i - q = 4*q - 2735. Suppose t = 3*u - 7*u + 96, 5*t - i = -2*u. Calculate the highest common divisor of 7 and t.
7
Suppose 0 = -12*b - 1520 - 16. Let y be 3/(6/10) - (b - -4). Calculate the greatest common factor of y and 301.
43
Let g(y) = 2*y - 4. Suppose 3*d - 7 = 8. Let k be g(d). Let n(l) = -l + 11. Let z be n(8). Calculate the greatest common factor of k and z.
3
Let u = -411 - -427. Let s be 357/9 + u/(-24). Calculate the greatest common divisor of s and 39.
39
Suppose 2410 = 5*j + 2*v, -2570 = -5*j + 5*v - 125. Let g(y) = -y**3 + 12*y**2 + 112*y - 1243. Let u be g(13). What is the highest common divisor of u and j?
44
Let v = -768 + 769. Let o(t) = 9*t**2 + 7*t - 3. Let h be o(v). What is the highest common factor of h and 793?
13
Suppose 3*g = 3*r + 1373 - 3731, -g = 3*r - 2350. What is the highest common divisor of 1666 and r?
98
Suppose -11*k + 276 + 738 = 15*k. Calculate the greatest common factor of k and 5031.
39
Suppose 0 = -g - 2*m - 2, -5*g + 46 = 2*m - 6*m. Let w = -1072 + 1090. Calculate the highest common divisor of g and w.
6
Suppose 0 = 5*g + 15, -4*j = -5*g + 32 - 103. Calculate the greatest common factor of 7406 and j.
14
Suppose 0*w = -2*m + 3*w - 79, m + 29 = 5*w. Let z be ((-45)/20 - 0)*m. Let s = -1 + 10. Calculate the highest common factor of z and s.
9
Suppose 0 = 4*f + c - 317, 62*f - 67*f + 412 = -4*c. What is the highest common factor of 280 and f?
40
Suppose 0 = 4*i - 3*i - 4. Suppose -i*r = 14 + 82. Let o = r + 29. What is the highest common factor of o and 5?
5
Let j(f) = -109*f + 2. Suppose 1 = -18*a + 19*a. Let t be j(a). Let o = t - -243. What is the highest common divisor of o and 17?
17
Let q = 515 - 43. Calculate the greatest common factor of 8 and q.
8
Let a(d) = -1708*d + 1874. Let k be a(1). What is the greatest common factor of 4150 and k?
166
Suppose -2*b + 4*d = 5*d - 476, d = -4*b + 956. Suppose 4*o - b = 76. Suppose 5 + o = 3*m. Calculate the greatest common divisor of 252 and m.
28
Let c be (-222)/(-7) + (-8)/(-28). Let f be 66 + -24 + 36/(-2). What is the greatest common divisor of f and c?
8
Suppose -70*h = -76*h + 186. Suppose -19 = -x - 4*o + 13, x - h = -3*o. Calculate the highest common factor of 84 and x.
28
Let h be 258 - (-1 + 0)*1. Let b = 6 - -42. Suppose -i - 2*x + 43 = 0, -3*i + 75 = 4*x - b. Calculate the highest common divisor of h and i.
37
Let u(b) = -5*b - 68. Let p be u(-14). Suppose 374 = 4*o + 3*h, o + p*h + 456 = 6*o. What is the greatest common divisor of 23 and o?
23
Let z = 63 + -30. Let s = -1101 + 1104. What is the highest common divisor of z and s?
3
Suppose -51*j - 37*j + 32175 = -77*j. Calculate the highest common divisor of j and 65.
65
Let u(a) = -a + 206. Let j be u(-30). Let l = j - 231. Calculate the greatest common divisor of l and 20.
5
Let d(j) = j**2 + j - 4. Let z be d(3). Let q(t) = -3*t + 51. Let c be q(10). Let a be (54/c)/((-9)/(-84)). What is the greatest common factor of a and z?
8
Let n = 718 + -715. Let o be (6 - n)/12*4 + 389. What is the highest common factor of o and 45?
15
Let u(g) = g**3 - g**2 + 3*g - 4. Let a be u(2). Let i be 1 + a/9 + (-68)/12. Let x be 12/((i/6)/((-8)/6)). What is the greatest common divisor of 6 and x?
6
Let a = 94 - 72. Suppose -143 = 5*y + k, 2*k - 28 = 2*y + a. Let l = y + 48. Calculate the highest common divisor of 40 and l.
20
Let o(x) = x**3 + 20*x**2 + 15*x + 29. Let j = -36 + 17. Let t be o(j). Suppose -5*h - t = -5*m, 2*h - 3 = h. Calculate the highest common factor of m and 216.
24
Let y be -1 + 3 + 13*2. Let u be 302318/1065 - 2/(-15). Let w = -172 + u. Calculate the greatest common factor of w and y.
28
Suppose 5*b + r + 69 = 4*r, -5*b - 83 = 4*r. Let q be (198/(-10))/(3/b). Let w = q + 5. What is the highest common divisor of w and 13?
13
Let z be 2/9 + (-700)/(-9). Let a(k) = 56*k + 375. Let u be a(-6). What is the greatest common factor of u and z?
39
Let q be ((-2)/4)/((-335)/(-24) + (-19 - -5)). Let p = -7 - -5. Let z = p - -10. Calculate the greatest common divisor of z and q.
4
Let b = 120 + -137. Let h = 138 + b. What is the highest common factor of 11 and h?
11
Let d be 0 + 5*(-330)/(-25). Suppose -d + 27 = -3*z. What is the highest common factor of z and 143?
13
Let r(x) = 10*x**3 + x**3 + 11 - 12*x**3 + 25. Let m be r(0). What is the highest common divisor of 396 and m?
36
Suppose 138*v - 51*v - 47124 = 59*v. Calculate the highest common factor of v and 408.
51
Suppose 16*a = 20*a + 4*o - 1472, 2*o = -a + 368. What is the greatest common factor of a and 115?
23
Let g(w) = -3*w**3 - 64*w**2 - 18*w + 89. Let k be g(-21). What is the greatest common factor of k and 19058?
26
Suppose 0 = 18*d + 25111 - 26767. Let t(y) = -y**2 - 9*y - 4. Let s be t(-8). Calculate the highest common divisor of d and s.
4
Let c = 2832 - 2747. Let g be 1/(-4) + 294/(-8). Let s = -20 - g. Calculate the highest common divisor of c and s.
17
Let c be (-2)/4*(0 + -1)*38. Suppose 5*s - 55 = s - 5*t, s + 3*t - c = 0. Suppose s*l - 903 - 97 = 0. What is the greatest common factor of 25 and l?
25
Let w be (3 + 2)/(((-36)/96)/(-3)). Suppose -3*s + 87 = 5*z + 16, s + 19 = z. What is the greatest common factor of w and z?
8
Let u(b) = -2*b - 2. Let c be -4 + (-1 - -5) + -8. Let z be u(c). Suppose 40 = 3*x - 128. Calculate the greatest common divisor of x and z.
14
Suppose -94823 = 3*j - 3*y - 3341, 4*j + 122021 = -5*y. Let k be (-2)/22 + j/(-77). Calculate the greatest common factor of 88 and k.
44
Let m(v) be the second derivative of v**5/20 + v**4/12 + 7*v**3/6 - 12*v**2 + 37*v. Let z be m(4). What is the greatest common divisor of z and 63?
21
Suppose 1 = 5*h - 4. Let l be ((-5)/2 + 1)*((-132)/12 + 5). Calculate the greatest common factor of h and l.
1
Suppose -17 = -p + 2. Let c = 45 + p. Calculate the highest common divisor of 64 and c.
64
Let u be ((-567)/6)/((-29)/174). What is the greatest common factor of 231 and u?
21
Let u be 9 - (-107822)/11 - 108/12. What is the greatest common factor of u and 26?
26
Suppose 4*v = 2*z - 428, z + v - 1 = 207. Calculate the highest common divisor of 3066 and z.
42
Let t = 906 + -934. Let b = 7 - 7. Let x be ((b - -1) + -6)*t/10. Calculate the highest common divisor of 98 and x.
14
Let l = 112 + -90. Suppose 9*p = l*p - 169. Let t be 3 + 0 + -6 + p. Calculate the greatest common factor of t and 80.
10
Let n(w) = -38*w - 87. Let v be n(-13). Calculate the greatest common factor of v and 11.
11
Let u = 142 - 126. Suppose 2*z = -z + h + 64, -u = -z + 3*h. Calculate the greatest common factor of 407 and z.
11
Let o be 98 - (-9 + 10 + 5). Let l be (-46)/((4/8)/(4/(-16))). What is the highest common factor of o and l?
23
Suppose 0 = 5*d + 3*b + 90, -d + 2*b = -0 + 5. Let a be (-450)/d*(-6)/(-5). Let z = 71 - a. Calculate the highest common factor of 175 and z.
35
Let j be (-1)/(2/40 - (-4)/(-16)). Let s be -5*j/(-50) + 1871/2. Calculate the greatest common divisor of s and 72.
72
Let m be 6/(-4)*13/((-195)/3020). Let c be (-27)/(-45) + m/5. What is the highest common factor of c and 183?
61
Let n = -32 - -35. Suppose 2*v + z = 1, 5*v + 6 = n*z + 3. Suppose k - o - 78 = v, 4*o = -7*k + 4*k + 255. What is the greatest common factor of 54 and k?
27
Let t be -54*(-14)/189*(-90)/(-8). Calculate the highest common factor of t and 17610.
15
Let i(r) = 2*r**2 - 3*r. Let j be i(2). Suppose -j*k + 5 = -5. Suppose 0 = 2*p + k*p - 105. What is the highest common divisor of 120 and p?
15
Suppose k = -x + 38051, 0 = -4*k + 34 + 2. Calculate the greatest common factor of x and 46.
46
Let f = -2237 + 2261. Calculate the greatest common factor of 339 and f.
3
Let v(o) = o**2 + 9*o - 8. Let d be v(-11). Suppose -d*l = -6*l - 40. Suppose -2*h = h - 105. What is the highest common divisor of l and h?
5
Let b(l) = 12*l - 16. Let r be 1/7 - (-1782)/462. Let y be b(r). What is the highest common divisor of 368 and y?
16
Let k = -23 + 23. Suppose k = 5*f - 18 - 12. Suppose -c - f*c + 210 = 0. Calculate the highest common divisor of 270 and c.
30
Suppose 6 = -2*p, 4*v + p - 3 - 6 = 0. Suppose 4*w - 164 = -v*k, -2*k + 36 = 5*